{"id":78,"date":"2017-12-12T11:24:21","date_gmt":"2017-12-12T15:24:21","guid":{"rendered":"http:\/\/ayuntamiento.guineo\/transparencia\/?page_id=78"},"modified":"2022-11-17T11:21:53","modified_gmt":"2022-11-17T15:21:53","slug":"definicion-oaim-oficina-de-acceso-a-la-informacion-municipal","status":"publish","type":"page","link":"https:\/\/ayuntamientomoncion.gob.do\/transparencia\/definicion-oaim-oficina-de-acceso-a-la-informacion-municipal\/","title":{"rendered":"Definici\u00f3n OAIM (Oficina de Acceso a la Informaci\u00f3n Municipal)"},"content":{"rendered":"<p>La Oficina de Acceso a la Informaci\u00f3n (OAI), es un mandato de la Ley General de Libre Acceso a la Informaci\u00f3n P\u00fablica Ley 200-04 y el Decreto No. 130-05 que crea el reglamento de dicha ley, con el objetivo de apoyar a entidades y personas tanto p\u00fablicas como privadas mediante las informaciones solicitadas.<\/p>\n<p><strong>Misi\u00f3n:<\/strong>\u00a0<\/p>\n<p>Promover el desarrollo y la integraci\u00f3n del territorio , el mejoramiento socio<br \/>cultural de sus habitantes y la participaci\u00f3n efectiva de las comunidades en el manejo de<br \/>los asuntos p\u00fablicos locales , a los fines de mejorar la calidad de vida, preservando el<br \/>medio ambiente , los patrimonios hist\u00f3ricos y culturales , as\u00ed como la protecci\u00f3n de los<br \/>espacios de dominio p\u00fablico.<\/p>\n<p><br \/><strong>Visi\u00f3n:<\/strong><\/p>\n<p>Lograr una instituci\u00f3n dedicada fundamentalmente al desarrollo integral del<br \/>municipio de Monci\u00f3n conocedora y ejecutora de sus competencias y gestora, junto a<br \/>sus mun\u00edcipes, de las ejecutorias competencia de otros sectores gubernamentales y\/o<br \/>sociales<\/p>\n<p><strong>Valores:<\/strong><\/p>\n<p><br \/>Mostrar con orgullo nuestras fortalezas humanas, enmarcadas en valores y principios<br \/>que nos convierten en arquetipo de gesti\u00f3n municipal, tales como:<\/p>\n<p>Honestidad y Transparencia en el manejo de todas nuestras actividades, enarbolando<br \/>nuestra bandera que consagra la misi\u00f3n y visi\u00f3n de nuestro ayuntamiento;<\/p>\n<p>Lealtad a nuestra instituci\u00f3n, con el trabajo di\u00e1fano, integrador y entusiasta impregnado<br \/>en todas nuestras acciones;<\/p>\n<h3>\u00a0<\/h3>\n<h3>Definici\u00f3n RAI:<\/h3>\n<p>El representante de Acceso a la Informaci\u00f3n, es el responsable de tramitar y facilitar las informaciones requeridas y de ser el canal de comunicaci\u00f3n entre la instituci\u00f3n, ciudadanos y ciudadanas.<\/p>\n<h3>\u00a0<\/h3>\n<h3>Proceso de Solicitud de Informaci\u00f3n:<\/h3>\n<ul>\n<li>Completar el formulario de solicitud de informaci\u00f3n.<\/li>\n<li>Se procede a la revisi\u00f3n de dicho documento con la finalidad de verificar que est\u00e1 debidamente completada(o).<\/li>\n<li>Se hace entrega de acuse de recibo al solicitante.<\/li>\n<li>Seg\u00fan la complejidad de la informaci\u00f3n, se asigna una fecha de entrega. En caso de no ser el Ayuntamiento de Monci\u00f3n la entidad competente para ofrecer la informaci\u00f3n requerida, dicha solicitud se refiere a la instituci\u00f3n correspondiente y se le informa al solicitante, el curso que ha tomado su solicitud y la instituci\u00f3n destinataria.<\/li>\n<li>Seguimiento de la(s) solicitud(es) hasta confirmar que se ha suministrado la informaci\u00f3n.<\/li>\n<\/ul>\n<p>\u00a0<\/p>\n<p><strong>Contacto Responsable de Acceso a la Informaci\u00f3n:<\/strong><\/p>\n<p>Yeidy Marina Peralta<\/p>\n<p><strong>Responsable de Acceso a la Informaci\u00f3n (RAI)<\/strong><\/p>\n<p>Tel\u00e9fono: 829-792-5694<\/p>\n<p>Correo:<strong>\u00a0oai.moncion@gmail.com<\/strong><\/p>\n<h6>Direcci\u00f3n: <em>CALLE DUARTE, NO. 17, MONCI\u00d3N, PROV. SANTIAGO RODR\u00cdGUEZ,<\/em><\/h6>\n<h6><em>\u00a0 \u00a0 \u00a0 \u00a0 \u00a0 \u00a0 \u00a0 \u00a0 \u00a0 \u00a0 \u00a0 \u00a0 \u00a0 \u00a0 \u00a0 \u00a0 \u00a0 \u00a0REP\u00daBLICA DOMINICANA<\/em><\/h6>\n\n","protected":false},"excerpt":{"rendered":"La Oficina de Acceso a la Informaci\u00f3n (OAI), es un mandato de la Ley General de Libre Acceso a la Informaci\u00f3n P\u00fablica Ley 200-04 y el Decreto No. 130-05 que crea el reglamento de dicha ley, con el objetivo de apoyar a entidades y personas tanto p\u00fablicas como privadas mediante las informaciones solicitadas. Misi\u00f3n:\u00a0 Promover&#8230;","protected":false},"author":3,"featured_media":0,"parent":0,"menu_order":0,"comment_status":"closed","ping_status":"closed","template":"","meta":[],"acf":[],"_links":{"self":[{"href":"https:\/\/ayuntamientomoncion.gob.do\/transparencia\/wp-json\/wp\/v2\/pages\/78"}],"collection":[{"href":"https:\/\/ayuntamientomoncion.gob.do\/transparencia\/wp-json\/wp\/v2\/pages"}],"about":[{"href":"https:\/\/ayuntamientomoncion.gob.do\/transparencia\/wp-json\/wp\/v2\/types\/page"}],"author":[{"embeddable":true,"href":"https:\/\/ayuntamientomoncion.gob.do\/transparencia\/wp-json\/wp\/v2\/users\/3"}],"replies":[{"embeddable":true,"href":"https:\/\/ayuntamientomoncion.gob.do\/transparencia\/wp-json\/wp\/v2\/comments?post=78"}],"version-history":[{"count":5,"href":"https:\/\/ayuntamientomoncion.gob.do\/transparencia\/wp-json\/wp\/v2\/pages\/78\/revisions"}],"predecessor-version":[{"id":728,"href":"https:\/\/ayuntamientomoncion.gob.do\/transparencia\/wp-json\/wp\/v2\/pages\/78\/revisions\/728"}],"wp:attachment":[{"href":"https:\/\/ayuntamientomoncion.gob.do\/transparencia\/wp-json\/wp\/v2\/media?parent=78"}],"curies":[{"name":"wp","href":"https:\/\/api.w.org\/{rel}","templated":true}]}}